What is the value of 2 + 21 + 2570 + -2684?
-91
Evaluate (-17 - 2 - -39) + -51 + -82.
-113
Calculate (71 - (187 + -94)) + (0 - 3).
-25
What is the value of -2 + (1 - -44) + -52 + -51 + 110?
50
What is the value of 15 + -76 + -3 + 27 + (0 - -9)?
-28
Calculate 24 + (-15 - -2) + (32 - 32) - 0.
11
Evaluate 12 + (0 + 4 - (3 - (12 + -20 + 0))).
5
What is the value of 0 - -88 - (379 + -363) - (-27 + 8)?
91
What is the value of (-7 - 0) + -10 + 8 + -33 + 119 + -107?
-30
What is -120 - (-157 - (-28 - 64))?
-55
Calculate 13 + ((-70 - -23) + 6 - 23).
-51
Calculate 14 + -24 + 8 + (-17 - -8) + 15 - -28.
32
Evaluate -4 + 1 + (1 - 0) - (-3 + (28 - 19)).
-8
What is 5 - (-49 + 38 + (43 - (1 - (1 - -1))))?
-28
What is the value of -15 + (6 - (-10 - -8)) + (2 - 14)?
-19
What is the value of -2 + -75 + -1 + (16 - 1 - (3 - -3))?
-69
Calculate 13 + -13 + 3 + (8 - -13 - 1).
23
What is the value of -18 + 49 + -41 - 17?
-27
-81 + -157 + 74 + (-4 - -40)
-128
-42 + (4 - (12 - -11))
-61
-35 - (4 + 6 - 45)
0
Evaluate (23 + -1 - 1) + (-298 - -264) + 98.
85
Evaluate -21 + -15 + 59 - 65 - -10.
-32
What is the value of -137 + 132 - 38 - (2 + (0 - 1))?
-44
Calculate -15 + 1 + 14 + -21 + 6.
-15
(6 - -31) + -18 + -39 + 22
2
What is the value of 59 + (-8 + 8 + -5 - (37 - 53))?
70
Calculate 57 + (-33 - 24) - (1 - ((-1 - 11) + 1)).
-12
95 - (0 + -109 + 171)
33
-46 - (-44 - (29 - 39))
-12
Calculate 0 - 25 - ((67 - 34) + -45).
-13
15 + -26 - (21 - -2 - (-113 - -109)) - -10
-28
Evaluate (2 + -4 - (0 + 1)) + (9831 - 9793).
35
3 + 15 + (-1 - 10) + (10 - 21)
-4
What is 26 - (1 + (-4 - 1 - -45))?
-15
What is the value of -117 - -84 - -127 - 55?
39
Evaluate -7 - (-5 - ((6 - 5) + -1 + -5) - -4).
-11
Evaluate 54 - (-70 - 7 - -140).
-9
What is -18 + (3 - 90 - (-189 + 233))?
-149
What is the value of (3 - 1 - (10 - 49 - -25 - -16)) + 68?
68
-32 + 34 - 14 - (3 + 1 + -3 + -95)
82
Evaluate (-18 - 0) + (15 - 2) - (26 - 1).
-30
What is (9 - -3) + (-103 + 35 - 47)?
-103
Calculate 7 + -2 - (0 + -8 + 21 + -14).
6
What is 8 + (-6 - -5) + (-10 - 0) + 1 - 92?
-94
What is -72 + 1 - (-1062 + 1068 + (3 - 11) + -2)?
-67
What is the value of -45 + (-1 - 4) + (66 - 27 - 13)?
-24
What is the value of -25 + 127 + -19 - (24 - -4)?
55
Evaluate (-279 - -189) + 81 + -1.
-10
What is the value of -23 - ((34 - 37) + (8 - (0 + (10 - 6))))?
-24
Calculate (-38 - -50) + -6 + -8 + 16 + -66.
-52
What is 8 + 3 + -4 + (-44 - -35) - (0 - 27)?
25
Evaluate -11 + 2 + 7 + -6 - (18 - (-68 + 51)).
-43
Calculate (-1 + -17 - -24) + (-3 - -13) - -5.
21
What is the value of 1 + -36 + -41 + (24 - 2)?
-54
Calculate -3 - (6 + (-50 - ((-1 - 4) + -7))).
29
What is the value of (9 - 20) + (-12 - -8 - -152 - (-5 - -7))?
135
What is (38 + -58 - -25) + 0 + -34?
-29
What is the value of (2 - ((-26 - -37) + 2 + -1)) + -1 + 7?
-4
What is -11 + -3 + (61 - (18 - 6))?
35
37 - 3 - ((-1 - -3) + -37 + 46)
23
Calculate -23 + -16 + (43 - (22 - 8)) + 64 + 2.
56
Calculate -16 + (-1 - -14) - (22 - 8 - 8) - 48.
-57
What is the value of 7 + 3 + -79 + 45 + 1 + 5 + 5?
-13
What is 12 - ((-12 - (5 - 20)) + (14 + -9 - -33))?
-29
Evaluate -26 + -27 + 36 - (2 + -63) - 9.
35
Evaluate (0 - -1) + -16 + (18 - 4) + 12.
11
Evaluate 108 + (-26 - (-77 - -38)).
121
(-6 - -2) + -60 + (-1120 - -1132)
-52
What is the value of 64 - (15 + 2 + 7 + -16 + 0 + -1)?
57
Evaluate (8 + -22 - (158 + -72)) + 11.
-89
What is the value of 56 + 0 - (-2 + (-11 - -8) - (-18 + 18))?
61
What is the value of (20 - (9 - -1) - (3 + -31)) + 6?
44
What is the value of -64 + 77 - (40 - (-12 + 6))?
-33
What is the value of 49 - (41 - -16) - (3 + 3 + -2)?
-12
112 - 67 - 99 - (-4 + (-4 - 0))
-46
-6 + (1 - -2 - 13 - (1 + -10))
-7
What is (-4 - -8) + (17 + -38 - 35)?
-52
73 + (59 - 138) + 11 + (1 - 0) + -6
0
Evaluate (17 - 1) + -5860 + 5899.
55
(28 - (-20 + 10)) + (-8 + 10 + 8 - 17)
31
Evaluate (6 - ((-7 - -11) + 16 + -12)) + 3.
1
Calculate 3 + (29 - 20) + -18 + 0.
-6
What is the value of -32 - 3 - (65 + (-9 - 13))?
-78
Evaluate 18 + -16 + (-6 - (8 + -17)) + 4 - -41.
50
What is 115 + -3 + (-2256 - -2280)?
136
What is 14 - (235 + -14 + -133)?
-74
Calculate 39 + 120 + 26 + -142.
43
Evaluate 25 + -7 + 32 + 7.
57
What is 71 + 1 - (17 + -17 + -2 + (-2 - -12))?
64
What is the value of -89 + 86 - ((-1 - (-28 + -4)) + (-10 - -9))?
-33
What is the value of (-1 + -1 + 2 - 27) + -33 + 40?
-20
What is 7 + (1 - 0) - (119 - (302 - 74) - -193)?
-76
What is 7 - ((-36 - (6 - 17)) + 9)?
23
What is the value of (54 + -7 - 8) + (47 - -11)?
97
What is 10 - 0 - ((9 - -21 - 28) + 5)?
3
Calculate 1 + 0 + -9 + 15 + -4 + 87.
90
Calculate -1 - -8 - (-94 + (44 - -16) + 15).
26
Calculate (-2 - -21) + (57 - 19) + -47.
10
What is 0 + 2 + 39 + (2 - (36 - 13)) + 29?
49
What is the value of (3 - 2) + -74 - (-24 - (22 - 42)) - -3?
-66
Evaluate (124 - 97) + (-7 - -19).
39
What is 54 + -42 + 9 - ((-6 - -4) + 4)?
19
What is 12 - ((-40 - -67) + 12)?
-27
Calculate -56 + 44 + -50 + 44.
-18
What is the value of -4 + (-43 - (-25 - -9)) - (-4 - (2 + -4))?
-29
Calculate (-3 - 4) + -104 + 13 + (-2 - -4 - -7).
-89
Calculate -26 - ((1 - 5 - (2 - (5 + -1))) + -7).
-17
Calculate 0 + 2 - (4 - 22) - (8636 + -8649).
33
What is the value of 8 + (0 - 30 - (81 - 96)) - (-89 - 1)?
83
What is (-45 + 42 - (-21 - -2 - -2)) + (-1 - -1)?
14
What is 4 + -13 + 15 + 10 + -45?
-29
Evaluate (573 - 579) + (-33 - 71 - (0 + -1 - 0)).
-109
Calculate -31 - (-22 - (-9 - 15 - 18)).
-51
What is the value of (-34 - (-54 + -40)) + -48?
12
Calculate 0 + 17 - (75 - 147 - -48).
41
Calculate 554 - 635 - (-38 - 2).
-41
(45 - -80) + -155 - (3 + -34)
1
What is the value of -1 + 18 - ((2 - 1) + -47 + 38)?
25
-8 - -3 - 3 - 0 - (1 - 8) - 1
-2
Calculate 4 + -3 + -5 + -26 + 24 + -10 + 48.
32
Calculate (41 - 53) + (13 - 1) + -17 + 4.
-13
Calculate (0 - -4) + (220 - 206) - 47.
-29
26 - (-38 + 8 + 29 + 47)
-20
What is the value of -79 - (87 - (15 - -67))?
-84
What is 1 + -11 - (114 + -67 + -37)?
-20
Calculate (24 - (17 - -27)) + 8.
-12
What is 154 + 38 + -219 + 3 + -46?
-70
What is the value of 1633 - 1735 - (-3 + -68)?
-31
Calculate 343 + -313 - (5 - (-3 - 59)).
-37
Calculate 24 + (-4 - 34 - -24).
10
(260 - 268) + (-26 - 0) + -7 + (-5 - -9)
-37
What is -10 - (8 + -24 - (15 + -36 + 7))?
-8
(9 - (5 - -4 - (-33 - (18 + -47)))) + 93
89
Evaluate -38 - -25 - (78 + -29).
-62
-227 + 4 + 182 + (-1 - -32)
-10
-55 - -192 - 152 - (-1 - (-52 + -1))
-67
Calculate 45 - ((2 - 10) + (1 + 24 + -42 - -19)).
51
Calculate 43 + (24 - (-28 + 22 + 9)).
64
-20 + 26 + -3 + (-2 - -9 - 3) + 102
109
1 - (2 + -48 + (-7 - -3) - (102 + -111))
42
What is the value of (-1 - -9) + (-18 + -91 - -84)?
-17
Calculate (-2 - 1) + (38 + -8 + -2 - 1).
24
What is the value of 18 - (33 - (2 - -44 - -19))?
50
Calculate (-33 - -37) + (-1 + 3 + 8 + -5 - 5).
4
What is 3 + -97 + -35 + (-5 - -43) + (-10 - -2)?
-99
73 + 1 + (-2 + (88 - 21) - 44)
95
Calculate (-43 - -32) + 7 + -7 + -5 + 14 - -19.
17
Calculate (67 - 50) + -31 + -40.
-54
Evaluate 1 + -5 + -37 - (-580 + 564).
-25
What is -79 - -76 - (5 - (-6 - (0 - -27)))?
-41
What is -105 - (61 - 231) - 90?
-25
What is the value of -6 + (-9 - -21) + (48 - (-24 - -11))?
67
What is the value of 2 + -4 + -3 + (-105 - 2) + 66?
-46
What is 13 + -1 - (29 + (21 - 63) + 5)?
20
Evaluate (3 + 5 + 49 - (-7 + 7 - 0)) + 7.
64
Evaluate 86 + 2 - (6 + (1 + 12 - (505 - 483))).
91
Calculate (-29 - (75 - 106)) + (-1 - -15).
16
Calculate 53 - (155 + (52 - 136)).
-18
Evaluate 72 - 7 - ((-8 - -7) + (-2 - 2)).
70
Calculate -71 + (-38 - -42 - -4).
-63
Calculate 10 - (57 + -71 + -26).
50
(4 - (-21 + 18) - (-3 - -1)) + -43 + -3
-37
Evaluate -22 + (3 - 0) - ((15 - -32) + -33).
-33
What is the value of (-84 - (-214 + 71)) + -126?
-67
16 - -34 - (-132 - -52)
130
14 - (19 + 9 + -17 + 5)
-2
-7 + -8 + 12 + 2 + -7 + 43
35
Calculate (1 + 2 - -3) + (50 - (-12 + (29 - 0))).
39
(-2 + 10 + 1 - 70) + 0
-61
Calculate -19 + ((-17 - -16) + 4 - 10 - 88).
-114
What is the value of -49 - (2 + -3 + -65)?
17
Evaluate -13 + (-24 - -29) - (43 - 27).
-24
Evaluate -11 + 1 + (-8 - (-20 + -17)) + -52.
-33
-66 + 4 + (-239 - -229 - (0 + -12 + 3))
-63
Calculate (-106 - (-86 + 42)) + 6.
-56
Calculate (-15 - 7) + (14 - (1 + 11)) - -72.
52
Evaluate 107 + (-14 - -38) - 229.
-98
What is (605 - (352 - -316)) + 0 + 1 + -13?
-75
What is the value of -6 + -5 + -